. Let r = v + -41. What is the tens digit of r?
1
Let w(y) = y**2 + 18*y + 22. What is the units digit of w(-18)?
2
Let x = -7 + 8. Let y(s) = 12*s + 1. What is the units digit of y(x)?
3
Suppose 5*p - 10 = 0, s + 2*p - 4 = 3*s. Suppose 33 = -s*w + 3*w. What is the units digit of w?
1
Let k(r) = -19*r + 5. Let i be k(-4). Suppose 4*p - i = p. What is the units digit of p?
7
Suppose 0 = -0*o - 4*o + 328. What is the units digit of o?
2
Suppose -3*r + 21 = -3*a, -8 = -2*r - a - 0*a. Suppose r*o - 10 - 90 = 0. Let c = o + -13. What is the units digit of c?
7
Suppose -d = -7 - 3. What is the units digit of d?
0
Let a(q) = -q**2 + 2. Let d be a(-2). Let v(l) be the first derivative of -2*l**2 - 3*l - 2. What is the units digit of v(d)?
5
Suppose 5*v = 3*x + 475, 5*x - 1 = 2*v - 210. Let j = v - 66. What is the tens digit of j?
2
Let m = 168 - 90. What is the tens digit of m?
7
Let p be (0/1)/(3 - 1). Suppose 3*o + 37 = 4*u, 3*o = -p*u + 3*u - 36. Let r = 18 + o. What is the units digit of r?
7
Suppose 4*n = 3 + 1. Let g = n - 0. What is the units digit of g?
1
Suppose -55 = -2*w + 195. What is the tens digit of w?
2
Let v = -12 + 17. Let k(h) = 4*h**2 - 2*h. Let z be k(-3). Suppose -r = v*i - 4*r - 52, z = 4*i - 2*r. What is the units digit of i?
1
Let r(u) = -u**2 + 2*u + 1. Suppose 9 = 4*j + p, -1 = -2*j + 2*p + p. Suppose -3*z + 2*t = -12, 5*t - j = -5*z - 7. What is the units digit of r(z)?
1
Suppose 5*p = -20, -269 = -3*v + 5*p - 0*p. What is the units digit of v?
3
What is the units digit of 308/5 - 4/(-10)?
2
Suppose -2*k + 7*n - 2*n = -583, 3*k - 4*n - 857 = 0. What is the units digit of k?
9
Suppose 2*v + s + 29 = -2*s, 22 = -v - 3*s. What is the tens digit of v/((-28)/(-8)) + 24?
2
Let n(a) = -a**3 - 4*a**2 - a + 2. Let w be n(-3). Let d be (-2)/(-4) + (-2)/w. What is the units digit of 3 + d*-4 - -3?
2
Let w(u) = u**3 + 8*u**2 + 3*u - 5. Let y be w(-7). Suppose -2*h = -h - y. What is the units digit of h?
3
Let d(a) = a - 3. Let m be d(7). Suppose 2*g - m = -2*g. What is the units digit of g?
1
What is the units digit of 4/(-18) - (-2020)/18?
2
Let g(h) = 6*h**2 - 12*h + 2. What is the hundreds digit of g(9)?
3
Suppose -38*o = -43*o + 1425. What is the tens digit of o?
8
Let t = -248 + 399. Suppose l - 4*m = 44, 2*l + 3*l + 3*m - t = 0. What is the tens digit of l?
3
Let g = -29 - -59. Let l = 43 - g. What is the tens digit of l?
1
Let b(x) = 4*x**3 + x - 1. Let y be b(1). What is the tens digit of (3/y)/(2/72)?
2
Suppose w + 7 - 4 = 0, -3*w = 2*q + 5. Suppose -5*c - 3*d = -88, -q*c + 2*d = 2*c - 88. What is the units digit of c?
0
Let z be -4*(1 + 2/8). Suppose 0 = g + 2*w - 22, 0*g + 5*w = -g + 25. Let h = g + z. What is the tens digit of h?
1
Let t(k) be the first derivative of -k**3/3 + 5*k**2 - 7*k + 4. What is the units digit of t(9)?
2
Let j(s) = s**2 + 10*s + 9. Let o(w) = -w**2 + w - 1. Let n(f) = -j(f) - 2*o(f). What is the units digit of n(13)?
6
Let f(x) = 14*x + 3. Let v(h) = -5*h - 1. Let d(s) = -2*f(s) - 7*v(s). Let g be d(1). Suppose 2*y + i = y + 16, y - i = g. What is the units digit of y?
2
What is the units digit of (-6)/(-2) + (-4)/4?
2
Let n(s) = -s**2 - 1. Let g be n(1). What is the tens digit of (-38)/(-4) - 1/g?
1
Let x(v) = 3*v + 7. Let k be x(8). Let p = k + -13. Suppose 2*m - m = p. What is the tens digit of m?
1
Let d be (-17)/(-2)*(16 + -6). Let x = 137 - d. What is the tens digit of x?
5
Let k be 3*(1 + (-2)/3). Let d = k - -4. Suppose -5*u + d*m + 78 - 13 = 0, -5*m = u - 43. What is the units digit of u?
8
Let p = -21 + 15. Let k = p - -4. What is the units digit of (2/4)/(k/(-60))?
5
Let h be 1 - (0 + -3 + 1). Let i(t) = t**2 + t - 2. Let u be i(h). What is the units digit of 4/u + (-66)/(-10)?
7
Suppose -5*j - 225 = -h, 6*j - j = -3*h - 205. Let r be (-26)/(-22) - (-8)/j. Suppose 0 = -4*d + 5*l + 31, 5*l + 3 + r = d. What is the units digit of d?
9
Let t(w) = -w**3 + w. Let i(q) = 3*q**3 - 6*q**2 - 3*q - 3. Let d(y) = -i(y) - 4*t(y). What is the units digit of d(-3)?
3
Let l be 3/(-15) - 48/10. Let d = 8 + l. Let u = d - -2. What is the units digit of u?
5
Let v(n) = -2*n - 7. Let g(y) = -5*y - 15. Let a(j) = 4*g(j) - 9*v(j). Let u be a(-7). What is the units digit of (2 - 4) + u + -4?
1
Let x(f) = -f**3 + f**2 - 1. Let p be x(2). Let a(n) = -n**2 - 2*n + 5. Let g be a(p). What is the units digit of -15*(-1)/g*-4?
6
Suppose 46*v = 47*v - 72. What is the units digit of v?
2
Let l be 2/8 + 39/(-12). Let z = l - -6. Suppose 0*u + u - z = 0. What is the units digit of u?
3
Suppose -3*b = n - 140, 3*b - 5*n + 62 - 190 = 0. What is the tens digit of b?
4
Let c be -4*2*(-3)/12. Let q be (c/(-1) - 1)/(-3). Suppose -g = -3 - q. What is the units digit of g?
4
Let l(p) = 27 + 5 - 3 - 2*p - 3 + p**2. What is the units digit of l(0)?
6
Let z = -6 - -4. What is the tens digit of 26*z*3/(-12)?
1
Suppose 4*m - 12 = -b - 1, 0 = -4*m - 5*b + 23. What is the units digit of ((-1)/m)/((-1)/22)?
1
Let c(z) = -z**3 - z**2 - z. Let u be c(-4). Suppose -i = i - u. What is the units digit of i?
6
Let a(j) = j - 2*j - 2 + 6 - 5. Let n(p) = 2*p + 4. Let l be n(-3). What is the units digit of a(l)?
1
Let w(z) = -z + 7. What is the units digit of w(-14)?
1
Let s(k) = k**2 - 28*k - 68. What is the tens digit of s(33)?
9
Suppose b - 2*z = -2*b + 282, 5*z = 4*b - 376. Suppose -k + 4*u = -27, b = 3*k + u - 0*u. Suppose 4*i - k = 9. What is the units digit of i?
0
Suppose 3*g - 180 - 620 = 2*u, 5*u = -5*g + 1300. What is the hundreds digit of g?
2
Let l be 0 + 3 + (-98)/(-2). Let u = -35 + l. What is the units digit of u?
7
Let h(y) = y**3 + y**2 - y + 1. Let o(a) = -2*a**3 - 4*a**2 + 2*a - 35. Let r(f) = -3*h(f) - o(f). What is the tens digit of r(0)?
3
Suppose 0 = 3*o - 9 - 36. What is the tens digit of o?
1
Let x be 8/(-5)*(-15)/6. Let z be 60/(-14) - x/(-14). Let j = z - -10. What is the units digit of j?
6
Let t = -11 - -15. What is the units digit of t?
4
Let x be (-2)/8 - 210/24. What is the units digit of 8/6*x/(-6)?
2
Let k(r) = -r**2 - 6*r + 2. Let b be k(-6). Let v(x) = -x**3 - 2*x**2 + 7*x + 0*x + b + 4. What is the tens digit of v(-4)?
1
Suppose 3*j + 3*a = 15, 3*a + 0*a = 4*j - 20. Suppose -6 = j*y - 26. What is the units digit of y?
4
Let s = 1342 + -939. What is the tens digit of s?
0
Suppose 83 = 4*d - 73. Suppose 3*u = 5*u + 3*l - d, 2*u = 5*l + 79. What is the units digit of u?
7
Let m be 846/30 + 3/(-15). Let j = -15 + m. What is the units digit of j?
3
Suppose -4*u + 2 = a, 3*u = 11 + 4. Let q be (-2)/(-6) + (-174)/a. Let z = 5 + q. What is the units digit of z?
5
Let j = -5 - -6. What is the units digit of (2 - 3) + (j - -1)?
1
Let a(f) = f**3 - 4*f**2 - 2*f - 3. Let b be a(4). Let h(m) = m**2 - 11*m + 11. Let w be h(10). Let l = w - b. What is the units digit of l?
2
Suppose -5*c = -2*c - 177. What is the units digit of c?
9
Let h(c) = 77*c**2 - 3*c + 3. What is the units digit of h(1)?
7
Suppose -2*v - 4*c + 40 = -2*c, 0 = 3*v - c - 40. What is the units digit of v?
5
Suppose 1868 = 14*u - 526. What is the tens digit of u?
7
Let v = 243 + -135. What is the hundreds digit of v?
1
Let i(k) = -k**3 - k**2 + 3*k - 3. What is the tens digit of i(-4)?
3
Let k = -50 - -112. What is the tens digit of k?
6
What is the hundreds digit of 4/(-18) + (-6384)/(-54)?
1
Suppose 4*m - 12 = 2*f, -m + 3 = -f - 4*f. What is the units digit of (48/(-15))/(m/(-15))?
6
Let r(t) = -t**2 - 13*t + 39. What is the tens digit of r(-14)?
2
Let g = 36 + 6. Let s = g - 28. What is the tens digit of s?
1
Let g = 13 + -4. Let n be (-5)/(-2)*(-3 - -7). Let f = n + g. What is the units digit of f?
9
Let w = -34 + 40. What is the units digit of w?
6
Let r(z) = -z**3 - 2*z + 28. Let s be r(0). Suppose 0 = -0*c + 2*c - s. What is the tens digit of c?
1
Let l = -101 + 159. What is the tens digit of l?
5
What is the tens digit of (-20)/(6/9*-3)?
1
Let h(g) = 11*g + 32. What is the units digit of h(7)?
9
Suppose -u - 1 = -3. Let x be 1/u + 155/10. Suppose -x = -5*l + 14. What is the units digit of l?
6
Let c = 115 + -50. What is the units digit of c?
5
Let r(x) = -x**3 - 3*x**2 + 3*x. Let l be r(-4). Suppose h = -l*n + n + 25, -2*n + 20 = h. Suppose 3*q = 17 + h. What is the units digit of q?
9
Suppose 4*a + 3*t + 22 = 100, 0 = 5*a - 4*t - 82. What i